e greatest common factor of 40 and g?
8
Suppose -5 = -2*b + 3. Suppose 5*q + 0*q = b*g + 12, -3*g - q + 10 = 0. Calculate the highest common divisor of 5 and g.
1
Let f be (27/(-12))/(2/8). Let r = f + 11. Let n be 1120/63 + r/9. Calculate the greatest common factor of n and 9.
9
Let n = 5137 + -5072. Suppose -4*y + 78 = -y. What is the greatest common divisor of y and n?
13
Let h = 41 + -27. Let g(a) = a**2 - 1. Let f(c) = 2*c**2 + 14*c - 4. Let i(m) = -f(m) + 3*g(m). Let u be i(h). What is the greatest common divisor of 9 and u?
1
Suppose 4*n - 16 = 0, -8 = 4*z + 5*n - 0. Let m = z + 84. Let h be (-86)/(-8) + 1/4. Calculate the highest common factor of h and m.
11
Let p be ((-3)/(-12))/(-1*2/(-152)). Let g = p - -7. Calculate the highest common factor of g and 26.
26
Let y(r) = r**2 - 16*r + 26. Let k be y(15). What is the greatest common divisor of 77 and k?
11
Let g(z) = -13*z + 428. Let l be g(32). What is the highest common factor of 244 and l?
4
Let c(u) = 6*u + 36*u + 9 - 41*u. Suppose 2*v + 2*i + 6 = -v, 4*v - 3 = i. Let n be c(v). Calculate the greatest common factor of 6 and n.
3
Suppose 80 = 2*o - 2*c - 8, -3*o + 132 = -5*c. Calculate the greatest common divisor of o and 154.
22
Suppose -3*g + 4*g = -5*v + 804, 3*v = 2*g - 1543. What is the greatest common factor of g and 57?
19
Suppose 5*u = 5*n - 620, -386 = -3*n + 3*u - 7*u. Let h = -61 + n. Suppose 0 = -3*q + 31 + h. What is the highest common divisor of q and 4?
4
Let u be (-1)/(-2) + ((-2830)/(-20) - 10). What is the highest common divisor of u and 60?
12
Let l(t) = -2*t**3 + 16*t**2 - 7*t + 23. Let h be l(7). Calculate the highest common factor of h and 180.
36
Let u(s) = 12*s**3 - 3*s**2 + 7. Let m be u(3). What is the greatest common factor of 38 and m?
38
Suppose 30 = 6*n - n. Suppose 0 = -5*x + n - 41. Let f = 10 + x. What is the greatest common factor of 27 and f?
3
Let x be (1/2)/(-1) - 595/170. Let k = 3 - x. What is the highest common factor of 63 and k?
7
Suppose -37*o + 3*q = -34*o - 2535, o - 839 = 4*q. Calculate the highest common divisor of 385 and o.
77
Suppose -115 + 395 = 7*f. Let h = 18 + -8. Calculate the highest common factor of f and h.
10
Suppose 0*k - 3*p + 17 = k, 4*k + p = 79. Let f = -437 + 447. What is the highest common factor of k and f?
10
Let a be (-14)/(-10) + (-8)/20. Suppose a = 5*w - 9. Suppose -w*x - 19 = 2*d - 67, -101 = -4*x + d. What is the highest common factor of 225 and x?
25
Suppose -7*d + 54 = -4*d. Let z be 0 + (1/3 - (-66)/d). Calculate the highest common factor of z and 12.
4
Suppose -3*r - 10*r = -1521. Suppose 2*j - 22 = 2*t, -t - 5*j = -12 - 7. Let w be 3/t - (-27)/2. Calculate the highest common divisor of r and w.
13
Let k = -24 - -30. Let i(r) = r**3 - 5*r**2 - 6*r - 4. Let s be i(k). Let w be 5/(40/(-18))*s. What is the highest common factor of 9 and w?
9
Let g be (-388)/5 - (-10)/(-25). Let f = 90 + g. Calculate the highest common factor of f and 12.
12
Suppose -25*o = -29*o + 864. Calculate the greatest common factor of 24 and o.
24
Let m be (-6 - (-10 + 6))/(2/(-3)). Let t be ((-8)/3)/2*m/(-1). Let a be (16/6)/((-2)/(-15)). Calculate the highest common divisor of t and a.
4
Let x be ((-400)/(-11 + 1))/1. What is the highest common factor of x and 2360?
40
Let a(q) be the first derivative of 9*q**2 - 7*q - 15. Let g be a(2). Let w be 2 - (-87 + (3 - 1)). What is the highest common factor of w and g?
29
Suppose -9 = -3*c + 27. Let n(w) = -30*w**3 + 33*w**3 + 9*w**2 + 4*w**2 - 2*w - 10*w**2 - 6. Let y be n(3). What is the highest common factor of c and y?
12
Let b be (-2 - -383 - -6) + -7. What is the highest common divisor of b and 114?
38
Suppose o - 6*o = 2*x - 588, -5*x + 1404 = -4*o. Calculate the highest common divisor of 213 and x.
71
Let t = -581 - -629. Calculate the greatest common divisor of t and 6.
6
Let j(m) = 14*m + 42. Let f be j(-2). Calculate the highest common divisor of 119 and f.
7
Suppose -32367 = -41*c + 13020. Calculate the greatest common divisor of c and 27.
27
Let y = -2029 - -2036. Let p be (-154)/6*(-2 + -1). What is the greatest common divisor of p and y?
7
Let x(z) be the first derivative of z**4/4 + z**3/3 + z**2/2 + 17*z - 2. Let n = -74 + 74. Let o be x(n). Calculate the greatest common divisor of 136 and o.
17
Let d(g) = g**2 - 3*g - 44. Let m be d(16). Calculate the highest common divisor of 41 and m.
41
Let f be (-128)/(-48)*(-6)/(-4). Suppose -9 = -3*i, -2*n - i = -5*i + f. Suppose s = -2, n*s + 16 = 5*z - 12. What is the greatest common divisor of z and 6?
2
Let t be (2/2)/(16/32). Suppose l - 4*l = -t*x - 64, -8 = 4*x. Calculate the greatest common factor of l and 20.
20
Let y(l) = 0*l**2 + 0 + l**2 + 2*l + 1. Let a be y(5). Let v be (9/(-2))/(2/(-4)). What is the highest common divisor of v and a?
9
Suppose -2*w = w + 21. Let n(h) = -2*h - 5. Let q be n(w). Let k be q - (-1 - (2 + 0)). What is the highest common divisor of 12 and k?
12
Let i be 1*12 + 12/6. Suppose -11*t + 12*t = i. Calculate the highest common factor of t and 35.
7
Suppose 0 = -14*w + 16 - 2. Let d(n) = n**3 - 4*n**2 - 3*n - 6. Let f be d(5). What is the greatest common factor of f and w?
1
Let a(y) = -2*y**2 + 25*y + 48. Let b be a(12). Calculate the greatest common factor of b and 1410.
30
Suppose -3*p + 197 + 17 = -5*c, 5*p = 5*c + 340. Calculate the greatest common divisor of p and 189.
63
Suppose -g + 19 = -5. Suppose -2*f + 18 = 4*r - 0*r, 5*r = -5*f + 25. Suppose -4*t + 2*t + 12 = r*h, t - 41 = 5*h. What is the highest common factor of t and g?
8
Suppose -2*k + 5*m - 47 = 0, -5*k + 4*k - 5*m - 16 = 0. Let h(x) = -x**2 - 23*x - 29. Let t be h(k). Calculate the greatest common divisor of 65 and t.
13
Let k = 154 + -132. What is the greatest common factor of 22 and k?
22
Suppose 4*q + 44 = 8*q. Let a(y) = 3*y - 11. Let d be a(q). Calculate the greatest common divisor of 55 and d.
11
Suppose -2*m + 26 = 4*l, -l - 2*m - 5 + 7 = 0. What is the highest common factor of 24 and l?
8
Suppose 156 = -4*d + 6*d. Calculate the greatest common divisor of d and 195.
39
Let o be 3/(-1 - 14/(-13)). Let v be 74/6 + (-2)/(-3). What is the greatest common divisor of v and o?
13
Let f(n) = n + 11. Let r be f(6). Calculate the highest common factor of r and 187.
17
Let q = -21 + 37. Let d(g) = -g**3 - 3*g**2 + 5*g + 1. Let j be d(-8). Suppose -9*p + 79 = -j. What is the greatest common divisor of q and p?
8
Let a = 181 + 459. What is the greatest common divisor of 10 and a?
10
Suppose -2*b + 40 = -7*b. Let z = 24 + b. Calculate the greatest common divisor of z and 48.
16
Let y be 8/12 - (-301)/21. Calculate the highest common factor of 165 and y.
15
Let i(b) = -b**3 - 6*b**2 - 8*b - 8. Let h be i(-5). Calculate the greatest common divisor of 217 and h.
7
Let c(a) = 3*a**2 + 43*a - 12. Let w be c(-16). What is the highest common factor of w and 34?
34
Suppose -83*o + 19*o + 1024 = 0. Let j be -1 - 2/((-4)/118). Suppose 6*u = j - o. What is the greatest common divisor of 56 and u?
7
Let m = 26 + -26. Suppose m = w - 2*w - 30. Let c = w + 43. What is the highest common divisor of 91 and c?
13
Let h(d) = 6*d**2 - 9*d - 7. Let v(q) = -4*q - 5. Let u be v(-3). Let o be h(u). Let x = o - 125. What is the greatest common divisor of x and 9?
9
Let p(q) = q - 4 + 0*q**2 - q**2 - 7*q. Let g be p(-3). Suppose -4*k + 45 = k - w, g*k + 5*w - 45 = 0. Calculate the greatest common divisor of k and 99.
9
Let i(z) = -z**3 + 3*z**2 + 4*z - 2. Let x be i(4). Let a be (x + 0 + 3)*11. What is the greatest common divisor of 88 and a?
11
Let d be (-11 + 25)/((-2)/(-18)). Calculate the greatest common factor of 14 and d.
14
Let k be (12 + 5)/1 + (16 - 9). Calculate the greatest common factor of k and 408.
24
Let k(h) = -34*h + 561. Let c be k(14). Let d be 2 + -1 - (1 + -17). What is the greatest common divisor of d and c?
17
Let d(s) = -44*s - 128. Let z be d(-3). Calculate the highest common divisor of z and 21.
1
Let u(z) = -28*z**3 + 2*z + 1. Let n be u(-1). Calculate the greatest common factor of n and 18.
9
Let y(j) = 2*j**3 - 7*j**2 - 2*j. Let o be 3 + 10/15*3. Let t be y(o). What is the greatest common factor of t and 26?
13
Suppose -t - c + 27 = -0*t, -c = -5*t + 135. Suppose -2*d + 398 = 3*w + w, 0 = w - 5. Calculate the greatest common fac